sands digit of 27507990?
0
What is the tens digit of 457636156?
5
What is the thousands digit of 731746880?
6
What is the ten millions digit of 237006356?
3
What is the hundreds digit of 70490717?
7
What is the ten thousands digit of 196586390?
8
What is the hundred millions digit of 194769510?
1
What is the tens digit of 23973939?
3
What is the millions digit of 14754760?
4
What is the millions digit of 76312055?
6
What is the millions digit of 4251228389?
1
What is the ten thousands digit of 361043747?
4
What is the millions digit of 9384575?
9
What is the millions digit of 3132447589?
2
What is the thousands digit of 2399560735?
0
What is the ten thousands digit of 929809910?
0
What is the billions digit of 5712723403?
5
What is the thousands digit of 1383953916?
3
What is the thousands digit of 93040207?
0
What is the hundreds digit of 154395592?
5
What is the hundred thousands digit of 20756298?
7
What is the hundred thousands digit of 4914817483?
8
What is the tens digit of 20980929?
2
What is the hundred thousands digit of 413717188?
7
What is the thousands digit of 106726846?
6
What is the thousands digit of 1670437205?
7
What is the units digit of 65655368?
8
What is the thousands digit of 15930197?
0
What is the hundred millions digit of 1028840335?
0
What is the hundred thousands digit of 171803?
1
What is the billions digit of 5202698389?
5
What is the units digit of 6268037?
7
What is the billions digit of 4076912114?
4
What is the units digit of 2322089581?
1
What is the tens digit of 2032266060?
6
What is the thousands digit of 33517229?
7
What is the units digit of 1795971255?
5
What is the ten millions digit of 1456737833?
5
What is the hundred millions digit of 550844687?
5
What is the thousands digit of 450340685?
0
What is the hundreds digit of 1558060876?
8
What is the tens digit of 48919493?
9
What is the tens digit of 81386496?
9
What is the ten thousands digit of 22774069?
7
What is the units digit of 380548292?
2
What is the hundreds digit of 698387391?
3
What is the ten millions digit of 1769803539?
6
What is the ten millions digit of 40941834?
4
What is the millions digit of 962389861?
2
What is the tens digit of 6218522?
2
What is the units digit of 1096505695?
5
What is the ten thousands digit of 4074614170?
1
What is the ten thousands digit of 45450749?
5
What is the hundreds digit of 236639607?
6
What is the ten millions digit of 5628483014?
2
What is the hundred thousands digit of 1936827994?
8
What is the millions digit of 32324293?
2
What is the millions digit of 3494987578?
4
What is the ten thousands digit of 117995733?
9
What is the tens digit of 1840864631?
3
What is the ten thousands digit of 193375958?
7
What is the hundred thousands digit of 71647140?
6
What is the hundred millions digit of 203562321?
2
What is the ten millions digit of 84953290?
8
What is the units digit of 38395495?
5
What is the tens digit of 13111080?
8
What is the hundreds digit of 1208124116?
1
What is the ten thousands digit of 312515618?
1
What is the units digit of 11775344?
4
What is the millions digit of 829087134?
9
What is the hundred thousands digit of 6055881891?
8
What is the ten thousands digit of 1220533043?
3
What is the hundred millions digit of 128317443?
1
What is the units digit of 52329196?
6
What is the thousands digit of 11235631?
5
What is the tens digit of 2439922830?
3
What is the hundred thousands digit of 196952266?
9
What is the thousands digit of 195434863?
4
What is the ten millions digit of 3517075241?
1
What is the ten millions digit of 45053497?
4
What is the units digit of 196904853?
3
What is the hundreds digit of 58373748?
7
What is the hundred millions digit of 2119085908?
1
What is the hundred millions digit of 279177923?
2
What is the hundred thousands digit of 1530153334?
1
What is the tens digit of 468779339?
3
What is the ten thousands digit of 1209623325?
2
What is the millions digit of 11272282?
1
What is the units digit of 31086172?
2
What is the hundreds digit of 15342804?
8
What is the thousands digit of 6677742?
7
What is the ten millions digit of 1122672107?
2
What is the millions digit of 251393701?
1
What is the hundred millions digit of 240850786?
2
What is the hundreds digit of 305391524?
5
What is the units digit of 75114406?
6
What is the units digit of 745983980?
0
What is the ten thousands digit of 625884066?
8
What is the hundreds digit of 899258072?
0
What is the tens digit of 529478763?
6
What is the hundred thousands digit of 1571935570?
9
What is the ten thousands digit of 797326001?
2
What is the hundreds digit of 65578494?
4
What is the units digit of 166983397?
7
What is the millions digit of 17185231?
7
What is the millions digit of 4700942?
4
What is the hundred millions digit of 766214087?
7
What is the millions digit of 597311750?
7
What is the ten thousands digit of 23542052?
4
What is the units digit of 358933253?
3
What is the ten millions digit of 8562789411?
6
What is the thousands digit of 50086202?
6
What is the ten millions digit of 79412936?
7
What is the tens digit of 271546131?
3
What is the hundreds digit of 4796599562?
5
What is the units digit of 1675778011?
1
What is the hundred thousands digit of 4333805743?
8
What is the ten millions digit of 284265553?
8
What is the hundred thousands digit of 2878673?
8
What is the tens digit of 156263241?
4
What is the tens digit of 960347241?
4
What is the millions digit of 92264907?
2
What is the billions digit of 2931261654?
2
What is the hundred millions digit of 251821125?
2
What is the hundred millions digit of 481283788?
4
What is the tens digit of 187881326?
2
What is the millions digit of 194879636?
4
What is the thousands digit of 2223239?
3
What is the units digit of 886420049?
9
What is the units digit of 71628015?
5
What is the thousands digit of 1850192812?
2
What is the hundreds digit of 5736229?
2
What is the tens digit of 95127122?
2
What is the thousands digit of 18021656?
1
What is the ten thousands digit of 562171892?
7
What is the hundreds digit of 557752983?
9
What is the hundreds digit of 198983356?
3
What is the ten thousands digit of 23102520?
0
What is the ten thousands digit of 263655042?
5
What is the tens digit of 2604071281?
8
What is the ten thousands digit of 3043917945?
1
What is the hundreds digit of 86818888?
8
What is the thousands digit of 463953930?
3
What is the tens digit of 801599292?
9
What is the ten millions digit of 1185829471?
8
What is the hundreds digit of 92578693?
6
What is the thousands digit of 329104132?
4
What is the hundred millions digit of 539851586?
5
What is the hundred thousands digit of 378828?
3
What is the hundreds digit of 1025880387?
3
What is the millions digit of 290633254?
0
What is the ten thousands digit of 90897798?
9
What is the hundreds digit of 59904494?
4
What is the units digit of 3132555948?
8
What is the millions digit of 8696685?
8
What is the hundreds digit of 1690790445?
4
What is the millions digit of 30829708?
0
What is the ten millions digit of 528815352?
2
What is the tens digit of 35189520?
2
What is the units digit of 268645150?
0
What is the tens digit of 36011841?
4
What is the hundreds digit of 413126422?
4
What is the billions digit of 1379889917?
1
What is the billions digit of 4294939701?
4
What is the hundreds digit of 25380584?
5
What is the billions digit of 1874222042?
1
What is the billions digit of 1062821952?
1
What is the units digit of 19661269?
9
What is the millions digit of 7801799247?
1
What is the ten thousands digit of 55117887?
1
What is the hundreds digit of 30833348?
3
What is the ten thousands digit of 38835362?
3
What is the hundred thousands digit of 1770286701?
2
What is the hundred millions digit of 247384465?
2
What is the ten millions digit of 63391370?
6
What is the thousands digit of 4159832?
9
What is the hundred thousands digit of 67705880?
7
What is the millions digit of 1276904222?
6
What is the units digit of 145379640?
0
What is the hundreds digit of 160632729?
7
What is the hundred thousands digit of 244613514?
6
What is the hundreds digit of 15914078?
0
What is the millions digit of 323955222?
3
What is the units digit of 395531894?
4
What is the tens digit of 39817913?
1
What is th